{"id":40,"date":"2013-10-13T19:39:59","date_gmt":"2013-10-13T17:39:59","guid":{"rendered":"http:\/\/orient.rzeszow.pl\/?page_id=40"},"modified":"2015-04-22T20:58:24","modified_gmt":"2015-04-22T18:58:24","slug":"system-przeciwupadkowy","status":"publish","type":"page","link":"https:\/\/orient.rzeszow.pl\/?page_id=40","title":{"rendered":"System przeciwupadkowy"},"content":{"rendered":"<p><strong>System bezpiecze\u0144stwa i ochrony przed upadkiem z wysoko\u015bci<\/strong> Monta\u017c system\u00f3w zabezpieczaj\u0105cych przed upadkiem z wysoko\u015bci reguluj\u0105 przepisy Unii Europejskiej, Prawo Budowlane oraz przepisy BHP. Oferowane przez nas produkty spe\u0142niaj\u0105 najwy\u017csze standardy w zakresie urz\u0105dze\u0144 ochronnych i zabezpieczaj\u0105cych do dach\u00f3w p\u0142askich oraz sko\u015bnych.<\/p>\n<p><strong>Oferta<\/strong> zawiera:<\/p>\n<ul>\n<li>Uchwyty linowe do system\u00f3w punktowych<\/li>\n<li>Mocne punkty kotwi\u0105ce z mo\u017cliwo\u015bci\u0105 wykorzystania do prac technik\u0105 alpinistyczn\u0105<\/li>\n<li>Uniwersalne punkty kotwi\u0105ce<\/li>\n<li>Systemy linowe do dach\u00f3w p\u0142askich<\/li>\n<li>Zabezpieczenia systemowe os\u00f3b przed upadkiem z wysoko\u015bci<\/li>\n<li>Systemy linowe do uniwersalnego zastosowania<\/li>\n<li>Systemy do zaczepienia drabin<\/li>\n<li>Punkty kotwi\u0105ce do sko\u015bnych dach\u00f3w<\/li>\n<li>Wyposa\u017cenie dodatkowe<\/li>\n<\/ul>\n<p>NASZYM KLIENTOM OFERUJEMY BEZP\u0141ATNE WYKONANIE PROJEKTU SYTEMU BEZPIECZE\u0143STWA<\/p>\n<p style=\"text-align: center;\">\u00a0<a href=\"http:\/\/orient.rzeszow.pl\/wp-content\/uploads\/2013\/10\/Katalog.pdf\"><img loading=\"lazy\" class=\"alignnone size-thumbnail wp-image-456\" src=\"http:\/\/orient.rzeszow.pl\/wp-content\/uploads\/2013\/10\/katalog.jpg\" alt=\"katalog\" width=\"70\" height=\"70\" \/><\/a> <a href=\"http:\/\/orient.rzeszow.pl\/wp-content\/uploads\/2013\/10\/K2-detale-dachowe.pdf\">\u00a0<\/a><\/p>\n","protected":false},"excerpt":{"rendered":"<p>System bezpiecze\u0144stwa i ochrony przed upadkiem z wysoko\u015bci Monta\u017c system\u00f3w zabezpieczaj\u0105cych przed upadkiem z wysoko\u015bci reguluj\u0105 przepisy Unii Europejskiej, Prawo Budowlane oraz przepisy BHP. Oferowane przez nas produkty spe\u0142niaj\u0105 najwy\u017csze standardy w zakresie urz\u0105dze\u0144 ochronnych i zabezpieczaj\u0105cych do dach\u00f3w p\u0142askich &hellip; <a href=\"https:\/\/orient.rzeszow.pl\/?page_id=40\"><\/a><\/p>\n","protected":false},"author":3,"featured_media":0,"parent":358,"menu_order":5,"comment_status":"closed","ping_status":"closed","template":"page-oferta.php","meta":{"ngg_post_thumbnail":0},"_links":{"self":[{"href":"https:\/\/orient.rzeszow.pl\/index.php?rest_route=\/wp\/v2\/pages\/40"}],"collection":[{"href":"https:\/\/orient.rzeszow.pl\/index.php?rest_route=\/wp\/v2\/pages"}],"about":[{"href":"https:\/\/orient.rzeszow.pl\/index.php?rest_route=\/wp\/v2\/types\/page"}],"author":[{"embeddable":true,"href":"https:\/\/orient.rzeszow.pl\/index.php?rest_route=\/wp\/v2\/users\/3"}],"replies":[{"embeddable":true,"href":"https:\/\/orient.rzeszow.pl\/index.php?rest_route=%2Fwp%2Fv2%2Fcomments&post=40"}],"version-history":[{"count":0,"href":"https:\/\/orient.rzeszow.pl\/index.php?rest_route=\/wp\/v2\/pages\/40\/revisions"}],"up":[{"embeddable":true,"href":"https:\/\/orient.rzeszow.pl\/index.php?rest_route=\/wp\/v2\/pages\/358"}],"wp:attachment":[{"href":"https:\/\/orient.rzeszow.pl\/index.php?rest_route=%2Fwp%2Fv2%2Fmedia&parent=40"}],"curies":[{"name":"wp","href":"https:\/\/api.w.org\/{rel}","templated":true}]}}