{"id":145,"date":"2013-10-14T20:00:07","date_gmt":"2013-10-14T18:00:07","guid":{"rendered":"http:\/\/orient.rzeszow.pl\/?page_id=145"},"modified":"2013-10-21T15:15:47","modified_gmt":"2013-10-21T13:15:47","slug":"odwodnienia-dachu-akcesoria-dachowe","status":"publish","type":"page","link":"https:\/\/orient.rzeszow.pl\/?page_id=145","title":{"rendered":"Odwodnienia dachu, akcesoria dachowe"},"content":{"rendered":"<p><strong>Odwodnienia dachu, Akcesoria dachowe<\/strong><\/p>\n<p dir=\"ltr\">Oferujemy wszystko do odwodnienia dachu &#8211; wpusty, kosze, przelewy awaryjne.<\/p>\n<p dir=\"ltr\">Kompleksowy system osprz\u0119tu dachowego rozwi\u0105\u017ce wszystkie problemy zwi\u0105zane z detalami na dachach p\u0142askich.<\/p>\n<p dir=\"ltr\">Nasza oferta zawiera kilkaset rozwi\u0105za\u0144 do zastosowania na dachach p\u0142askich i tarasach.<\/p>\n<p dir=\"ltr\">Wszelkie elementy oferty posiadaj\u0105 ko\u0142nierze przy\u0142\u0105czeniowe do wszystkich wyst\u0119puj\u0105cych rodzaj\u00f3w pokry\u0107 dachowych &#8211; papy termozgrzewalne, folie PCV, TPO (FPO), EPDM, PE, STE.<\/p>\n<p dir=\"ltr\">Mo\u017cemy r\u00f3wnie\u017c przygotowa\u0107 dowolny osprz\u0119t z zastosowaniem materia\u0142\u00f3w hydro izolacyjnych dostarczonych przez Zamawiaj\u0105cego.<\/p>\n<p dir=\"ltr\">Pokryciami dachowymi zajmujemy si\u0119 od ponad 20 lat, ch\u0119tnie pomo\u017cemy dobra\u0107 optymalne rozwi\u0105zanie do Twoich potrzeb.<\/p>\n<p dir=\"ltr\">Nasza oferta zawiera:<\/p>\n<ul>\n<li>Ogrzewane oraz nieogrzewane wpusty i rzygacze<\/li>\n<li>Akcesoria i nasady do wpust\u00f3w dachowych i taras\u00f3w<\/li>\n<li>Elektroniczne termostaty do sterowania ogrzewania wpust\u00f3w<\/li>\n<li>Wpusty remontowe i kominki<\/li>\n<li>Przed\u0142u\u017cone wpusty dachowe<\/li>\n<li>Rzygacze i przelewy bezpiecze\u0144stwa<\/li>\n<li>Kosze ze stali nierdzewnej<\/li>\n<li>Kosze do zielonych dach\u00f3w<\/li>\n<li>Wpusty balkonowe<\/li>\n<li>Akcesoria do wpust\u00f3w balkonowych<\/li>\n<li>Kominki i przepusty<\/li>\n<li>Ko\u0142nierze uszczelniaj\u0105ce \u2013 kszta\u0142tki<\/li>\n<li>\u0141apacze \u015bniegu<\/li>\n<li>Profile zako\u0144czaj\u0105ce<\/li>\n<li>Listwy \u017cwirowe i kraw\u0119dziowe<\/li>\n<li>Turbiny wentylacyjne<\/li>\n<li>Rozwi\u0105zania dla parking\u00f3w \u2013 wpusty i kraty<\/li>\n<\/ul>\n<p dir=\"ltr\">Szczeg\u00f3\u0142owe informacje znajdziecie Pa\u0144stwo w znajduj\u0105cym si\u0119 na naszej stronie <a href=\"http:\/\/orient.rzeszow.pl\/wp-content\/uploads\/2013\/10\/Katalog.pdf\">Katalog<\/a>u\u00a0oraz <a href=\"http:\/\/orient.rzeszow.pl\/wp-content\/uploads\/2013\/10\/Cennik.pdf\">Cenniku<\/a><\/p>\n<p dir=\"ltr\"><a href=\"http:\/\/orient.rzeszow.pl\/wp-content\/uploads\/2013\/10\/Autoryzacja-EPDM-j.Witek_1.jpg\"><img loading=\"lazy\" alt=\"Autoryzacja EPDM j.Witek\" src=\"http:\/\/orient.rzeszow.pl\/wp-content\/uploads\/2013\/10\/Autoryzacja-EPDM-j.Witek_1-300x212.jpg\" width=\"300\" height=\"212\" \/><\/a>\u00a0<a href=\"http:\/\/orient.rzeszow.pl\/wp-content\/uploads\/2013\/10\/Certyfikat1.jpg\"><img loading=\"lazy\" alt=\"Certyfikat\" src=\"http:\/\/orient.rzeszow.pl\/wp-content\/uploads\/2013\/10\/Certyfikat1-300x218.jpg\" width=\"300\" height=\"218\" \/><\/a><\/p>\n<p dir=\"ltr\"><a href=\"http:\/\/orient.rzeszow.pl\/wp-content\/uploads\/2013\/10\/Autoryzacja-ROCKWOOL.jpg\"><img loading=\"lazy\" class=\"alignleft\" alt=\"Autoryzacja ROCKWOOL\" src=\"http:\/\/orient.rzeszow.pl\/wp-content\/uploads\/2013\/10\/Autoryzacja-ROCKWOOL-212x300.jpg\" width=\"212\" height=\"300\" \/><\/a>\u00a0<a href=\"http:\/\/orient.rzeszow.pl\/wp-content\/uploads\/2013\/10\/topwet-iso-9001-english_01.jpg\"><img loading=\"lazy\" class=\"alignnone\" alt=\"topwet-iso-9001-english_01\" src=\"http:\/\/orient.rzeszow.pl\/wp-content\/uploads\/2013\/10\/topwet-iso-9001-english_01-212x300.jpg\" width=\"212\" height=\"300\" \/><\/a><\/p>\n<p dir=\"ltr\"><a href=\"http:\/\/orient.rzeszow.pl\/wp-content\/uploads\/2013\/10\/lga-en1253_01.jpg\"><img loading=\"lazy\" class=\"alignleft\" alt=\"lga-en1253_01\" src=\"http:\/\/orient.rzeszow.pl\/wp-content\/uploads\/2013\/10\/lga-en1253_01-212x300.jpg\" width=\"212\" height=\"300\" \/><\/a><a href=\"http:\/\/orient.rzeszow.pl\/wp-content\/uploads\/2013\/10\/kabel-sira_01.jpg\"><img loading=\"lazy\" class=\"alignleft\" alt=\"kabel-sira_01\" src=\"http:\/\/orient.rzeszow.pl\/wp-content\/uploads\/2013\/10\/kabel-sira_01-213x300.jpg\" width=\"213\" height=\"300\" \/><\/a><\/p>\n<p dir=\"ltr\">\n","protected":false},"excerpt":{"rendered":"<p>Odwodnienia dachu, Akcesoria dachowe Oferujemy wszystko do odwodnienia dachu &#8211; wpusty, kosze, przelewy awaryjne. Kompleksowy system osprz\u0119tu dachowego rozwi\u0105\u017ce wszystkie problemy zwi\u0105zane z detalami na dachach p\u0142askich. Nasza oferta zawiera kilkaset rozwi\u0105za\u0144 do zastosowania na dachach p\u0142askich i tarasach. Wszelkie &hellip; <a href=\"https:\/\/orient.rzeszow.pl\/?page_id=145\"><\/a><\/p>\n","protected":false},"author":3,"featured_media":0,"parent":358,"menu_order":0,"comment_status":"closed","ping_status":"closed","template":"page-oferta.php","meta":{"ngg_post_thumbnail":0},"_links":{"self":[{"href":"https:\/\/orient.rzeszow.pl\/index.php?rest_route=\/wp\/v2\/pages\/145"}],"collection":[{"href":"https:\/\/orient.rzeszow.pl\/index.php?rest_route=\/wp\/v2\/pages"}],"about":[{"href":"https:\/\/orient.rzeszow.pl\/index.php?rest_route=\/wp\/v2\/types\/page"}],"author":[{"embeddable":true,"href":"https:\/\/orient.rzeszow.pl\/index.php?rest_route=\/wp\/v2\/users\/3"}],"replies":[{"embeddable":true,"href":"https:\/\/orient.rzeszow.pl\/index.php?rest_route=%2Fwp%2Fv2%2Fcomments&post=145"}],"version-history":[{"count":0,"href":"https:\/\/orient.rzeszow.pl\/index.php?rest_route=\/wp\/v2\/pages\/145\/revisions"}],"up":[{"embeddable":true,"href":"https:\/\/orient.rzeszow.pl\/index.php?rest_route=\/wp\/v2\/pages\/358"}],"wp:attachment":[{"href":"https:\/\/orient.rzeszow.pl\/index.php?rest_route=%2Fwp%2Fv2%2Fmedia&parent=145"}],"curies":[{"name":"wp","href":"https:\/\/api.w.org\/{rel}","templated":true}]}}