{"id":135,"date":"2013-10-14T19:59:24","date_gmt":"2013-10-14T17:59:24","guid":{"rendered":"http:\/\/orient.rzeszow.pl\/?page_id=135"},"modified":"2014-03-19T21:40:29","modified_gmt":"2014-03-19T20:40:29","slug":"pomiary-elektryczne-2","status":"publish","type":"page","link":"https:\/\/orient.rzeszow.pl\/?page_id=135","title":{"rendered":"Pomiary elektryczne"},"content":{"rendered":"<h2 style=\"text-align: center;\"><span style=\"color: #ffffff;\"><a href=\"http:\/\/www.elron.pl\/index.php\/czasookresy-pomiarow\"><span style=\"color: #ffffff;\"><span style=\"font-family: Arial, serif;\"><span>Zalecane czasookresy pomiar\u00f3w eksploatacyjnych<\/span><\/span><\/span><\/a><\/span><\/h2>\n<p>&nbsp;<\/p>\n<p><span style=\"color: #ffffff;\"><span style=\"font-family: Arial, serif;\"><b>Terminy bada\u0144 okresowych<\/b><\/span><\/span><\/p>\n<p><span style=\"color: #ffffff;\"><span style=\"font-family: Arial, serif;\">Norma PN-HD 60364-6:2008 wymaga, aby cz\u0119sto\u015b\u0107 okresowego sprawdzania instalacji by\u0142a ustalana z uwzgl\u0119dnieniem rodzaju instalacji i wyposa\u017cenia, jej zastosowania i dzia\u0142ania, cz\u0119sto\u015bci i jako\u015bci konserwacji oraz wp\u0142yw\u00f3w zewn\u0119trznych, na kt\u00f3re jest nara\u017cona.\u00a0<\/span><span style=\"font-family: Arial, serif;\"><br \/>\n<\/span><span style=\"font-family: Arial, serif;\">Aktualnie obowi\u0105zuj\u0105cym aktem prawnym wprowadzaj\u0105cym wym\u00f3g przeprowadzania bada\u0144 okresowych w odst\u0119pach nie d\u0142u\u017cszych ni\u017c 5-letnich jest Ustawa &#8220;Prawo Budowlane&#8221; [Ustawa z dnia 07.07.1994 r. Prawo budowlane &#8211; tekst jednolity Dz. U. nr 207 z 2006 r .nr 156, poz. 1118 (z po\u017an.zm.)<\/span><span style=\"font-family: Arial, serif;\"><br \/>\n<\/span><span style=\"font-family: Arial, serif;\">Norma PN-HD 60364-6:2008 proponuje kr\u00f3tszy okres bada\u0144, a w przypadkach szczeg\u00f3lnego zagro\u017cenia nawet terminy coroczne. Nale\u017c\u0105 do nich:<\/span><span style=\"font-family: Arial, serif;\"><br \/>\n<\/span><span style=\"font-family: Arial, serif;\">\u25aa miejsca pracy lub pomieszczenia, gdzie wyst\u0119puje ryzyko pora\u017cenia elektrycznego, po\u017caru lub wybuchu\u00a0spowodowanego degradacj\u0105,<\/span><span style=\"font-family: Arial, serif;\"><br \/>\n<\/span><span style=\"font-family: Arial, serif;\">\u25aa miejsca pracy lub pomieszczenia, gdzie wyst\u0119puj\u0105 instalacje zar\u00f3wno niskiego, jak i wysokiego napi\u0119cia,<\/span><span style=\"font-family: Arial, serif;\"><br \/>\n<\/span><span style=\"font-family: Arial, serif;\">\u25aa obiekty komunalne<\/span><span style=\"font-family: Arial, serif;\"><br \/>\n<\/span><span style=\"font-family: Arial, serif;\">\u25aa tereny budowy<\/span><span style=\"font-family: Arial, serif;\"><br \/>\n<\/span><span style=\"font-family: Arial, serif;\">\u25aa miejsca, w kt\u00f3rych u\u017cywany jest sprz\u0119t przeno\u015bny<\/span><\/span><\/p>\n<p><span style=\"color: #ffffff;\"><span style=\"font-family: Arial, serif;\">Opr\u00f3cz wymienionych wy\u017cej akt\u00f3w prawnych i normatywnych, ci\u0105gle i niezmiennie istotnym wymogiem przy okre\u015blaniu termin\u00f3w bada\u0144 okresowych s\u0105 zasady wiedzy technicznej.<\/span><span style=\"font-family: Arial, serif;\"><br \/>\n<\/span><span style=\"font-family: Arial, serif;\">Bazuj\u0105c na zasadach wiedzy technicznej zaleca si\u0119 podmiotom przy\u0142\u0105czanym do sieci elektroenergetycznych opracowanie instrukcji ruchu i eksploatacji. Instrukcje te powinny okre\u015bla\u0107 zakres, procedury i czynno\u015bci zwi\u0105zane z ruchem i eksploatacj\u0105 urz\u0105dze\u0144, instalacji i sieci elektroenergetycznych nale\u017c\u0105cych do tych podmiot\u00f3w.<\/span><span style=\"font-family: Arial, serif;\"><br \/>\n<\/span><span style=\"font-family: Arial, serif;\">W omawianych instrukcjach powinny by\u0107 podane czasokresy bada\u0144 okresowych dostosowane do warunk\u00f3w \u015brodowiskowych panuj\u0105cych w danym obiekcie. Instrukcje te powinny by\u0107 zatwierdzone przez kierownika zak\u0142adu i skierowane do stosowania.Konieczno\u015b\u0107 opracowania tej instrukcji nak\u0142ada zapis Rozporz\u0105dzenia Ministra Gospodarki z dnia 4 maja 2007 r. w sprawie szczeg\u00f3\u0142owych warunk\u00f3w funkcjonowania systemu elektroenergetycznego (DzU z dnia 29 maja 2007 r.)<br \/>\nTaka instrukcja zatwierdzona przez kierownika zak\u0142adu staje si\u0119 dokumentem obowi\u0105zuj\u0105cym na terenie danego zak\u0142adu w zakresie eksploatacji sieci, instalacji i urz\u0105dze\u0144 elektrycznych.<\/span><\/span><\/p>\n<p><span style=\"color: #ffffff;\"><span style=\"font-family: Arial, serif;\">Racjonalne wymagania dotycz\u0105ce czasookres\u00f3w bada\u0144 eksploatacyjnych urz\u0105dze\u0144 i instalacji elektrycznych okre\u015blaj\u0105 &#8220;<\/span><span style=\"font-family: Arial, serif;\"><span style=\"text-decoration: underline;\">Wytyczne wykonywania bada\u0144 okresowych&#8221; opracowane przez COBR &#8220;Elektromonta\u017c&#8221; w 1999 r<\/span><\/span><span style=\"font-family: Arial, serif;\">.<\/span><\/span><\/p>\n<h2 class=\"tablepress-table-name tablepress-table-name-id-2\">Zalecane czasookresy pomiar\u00f3w eksploatacyjnych instalacji i urz\u0105dze\u0144 elektrycznych<\/h2>\n\n<table id=\"tablepress-2\" class=\"tablepress tablepress-id-2\">\n<thead>\n<tr class=\"row-1 odd\">\n\t<th class=\"column-1\">Lp.<\/th><th class=\"column-2\">Rodzaj pomieszczenia<\/th><th colspan=\"2\" class=\"column-3\">Okres czasu pomi\u0119dzy sprawdzeniami<\/th>\n<\/tr>\n<\/thead>\n<tbody class=\"row-hover\">\n<tr class=\"row-2 even\">\n\t<td class=\"column-1\"><\/td><td class=\"column-2\"><\/td><td class=\"column-3\"><center><strong>Rezystancji izolacji<\/strong><\/center><\/td><td class=\"column-4\"><center><strong>Skuteczno\u015b\u0107 ochrony przeciwpora\u017ceniowej<\/strong><\/center><\/td>\n<\/tr>\n<tr class=\"row-3 odd\">\n\t<td class=\"column-1\">1<\/td><td class=\"column-2\">O wyziewach \u017cr\u0105cych<\/td><td class=\"column-3\">Nie rzadziej, ni\u017c co 1 rok<\/td><td class=\"column-4\">Nie rzadziej, ni\u017c co 1 rok<\/td>\n<\/tr>\n<tr class=\"row-4 even\">\n\t<td class=\"column-1\">2<\/td><td class=\"column-2\">Zagro\u017cone wybuchem<\/td><td class=\"column-3\">Nie rzadziej, ni\u017c co 1 rok<\/td><td class=\"column-4\">Nie rzadziej, ni\u017c co 1 rok<\/td>\n<\/tr>\n<tr class=\"row-5 odd\">\n\t<td class=\"column-1\">3<\/td><td class=\"column-2\">Otwarta przestrze\u0144<\/td><td class=\"column-3\">Nie rzadziej, ni\u017c co 5 rok<\/td><td class=\"column-4\">Nie rzadziej, ni\u017c co 1 rok<\/td>\n<\/tr>\n<tr class=\"row-6 even\">\n\t<td class=\"column-1\">4<\/td><td class=\"column-2\">Bardzo wilgotne o wilg. Ok. 100%i przej\u015bciowo wilgotne (75 do 100%)<\/td><td class=\"column-3\">Nie rzadziej, ni\u017c co 5 rok<\/td><td class=\"column-4\">Nie rzadziej, ni\u017c co 1 rok<\/td>\n<\/tr>\n<tr class=\"row-7 odd\">\n\t<td class=\"column-1\">5<\/td><td class=\"column-2\">Gor\u0105ce (o temperaturze powietrza ponad 35 C)<\/td><td class=\"column-3\">Nie rzadziej, ni\u017c co 5 rok<\/td><td class=\"column-4\">Nie rzadziej, ni\u017c co 1 rok<\/td>\n<\/tr>\n<tr class=\"row-8 even\">\n\t<td class=\"column-1\">6<\/td><td class=\"column-2\">Zagro\u017cone po\u017carem<\/td><td class=\"column-3\">Nie rzadziej, ni\u017c co 1 rok<\/td><td class=\"column-4\">Nie rzadziej, ni\u017c co 5 rok<\/td>\n<\/tr>\n<tr class=\"row-9 odd\">\n\t<td class=\"column-1\">7<\/td><td class=\"column-2\">Stwarzaj\u0105ce zagro\u017cenie dla ludzi (ZL I, ZLII i ZL III)<\/td><td class=\"column-3\">Nie rzadziej, ni\u017c co 1 rok<\/td><td class=\"column-4\">Nie rzadziej, ni\u017c co 5 rok<\/td>\n<\/tr>\n<tr class=\"row-10 even\">\n\t<td class=\"column-1\">8<\/td><td class=\"column-2\">Zapylone<\/td><td class=\"column-3\">Nie rzadziej, ni\u017c co 5 rok<\/td><td class=\"column-4\">Nie rzadziej, ni\u017c co 5 rok<\/td>\n<\/tr>\n<tr class=\"row-11 odd\">\n\t<td class=\"column-1\">9<\/td><td class=\"column-2\">Pozosta\u0142e niewymienione w p.1-8<\/td><td class=\"column-3\">Nie rzadziej, ni\u017c co 5 rok<\/td><td class=\"column-4\">Nie rzadziej, ni\u017c co 5 rok<\/td>\n<\/tr>\n<\/tbody>\n<\/table>\n<!-- #tablepress-2 from cache -->\n<p><span style=\"color: #ff0000;\"><span style=\"font-family: Arial, serif;\">Lp.7 &#8211; bardzo wa\u017cny element z punktu widzenia bezpiecze\u0144stwa p.po\u017c. Pracownicy odpowiedzialni za zarz\u0105dzanie budynkami cz\u0119sto nie pami\u0119taj\u0105 o konieczno\u015bci wykonywania tych bada\u0144 nie rzadziej, ni\u017c co 1 rok. W razie jakiegokolwiek zdarzenia ( np. po\u017car obiektu) osoby, kt\u00f3re nie dope\u0142ni\u0142y tego obowi\u0105zku nara\u017cone s\u0105 na powa\u017cne konsekwencje prawne<\/span><\/span><\/p>\n<p><span style=\"color: #ffffff;\"><span style=\"font-family: Arial, serif;\">ZL I &#8211; budynki u\u017cyteczno\u015bci publicznej lub ich cz\u0119\u015bci, w kt\u00f3rych mog\u0105 przebywa\u0107 ludzie w grupach ponad 50 os\u00f3b,<\/span><\/span><\/p>\n<p><span style=\"color: #ffffff;\"><span style=\"font-family: Arial, serif;\"> ZL II &#8211; Budynki lub ich cz\u0119\u015bci przeznaczone do u\u017cytku ludzi o ograniczonej zdolno\u015bci poruszania si\u0119,<\/span><\/span><\/p>\n<p><span style=\"color: #ffffff;\"><span style=\"font-family: Arial, serif;\"> ZL III &#8211; szko\u0142y, budynki biurowe, domy studenckie, internaty, hotele, o\u015brodki zdrowia, otwarte przychodnie lekarskie, sanatoria, lokale handlowo-us\u0142ugowe, w kt\u00f3rych mo\u017ce przebywa\u0107 do 50 os\u00f3b, koszary, pomieszczenia ETO, zak\u0142ady karne i inne podobne.<\/span><\/span><\/p>\n<h2 class=\"tablepress-table-name tablepress-table-name-id-3\">CZASOOKRESY POZOSTA\u0141YCH POMIAR\u00d3W<\/h2>\n\n<table id=\"tablepress-3\" class=\"tablepress tablepress-id-3\">\n<thead>\n<tr class=\"row-1 odd\">\n\t<th class=\"column-1\">Lp.<\/th><th class=\"column-2\">Rodzaj pomiar\u00f3w<\/th><th class=\"column-3\">Okres czasu pomi\u0119dzy sprawdzeniami<\/th>\n<\/tr>\n<\/thead>\n<tbody class=\"row-hover\">\n<tr class=\"row-2 even\">\n\t<td class=\"column-1\">1<\/td><td class=\"column-2\">Pomiary rezystancji uziom\u00f3w i badania instalacji odgromowej w obiektach zagro\u017conych wybuchem (np. stacje benzynowe)<\/td><td class=\"column-3\">Nie rzadziej, ni\u017c co 1 rok<\/td>\n<\/tr>\n<tr class=\"row-3 odd\">\n\t<td class=\"column-1\">2<\/td><td class=\"column-2\">Pomiary rezystancji uziom\u00f3w i badania instalacji odgromowej w obiektach niewymienionych w p.1<\/td><td class=\"column-3\">Nie rzadziej, ni\u017c co 5 lat<\/td>\n<\/tr>\n<tr class=\"row-4 even\">\n\t<td class=\"column-1\">3<\/td><td class=\"column-2\">Pomiary nat\u0119\u017cenia o\u015bwietlenia<\/td><td class=\"column-3\">Nie rzadziej, ni\u017c co 5 lat.\u00a0<strong>Zalecane, co 2 lata.<\/strong><\/td>\n<\/tr>\n<tr class=\"row-5 odd\">\n\t<td class=\"column-1\">4<\/td><td class=\"column-2\">Badanie i pomiary o\u015bwietlenia awaryjnego<\/td><td class=\"column-3\">Nie rzadziej, ni\u017c co 1 rok<\/td>\n<\/tr>\n<\/tbody>\n<\/table>\n<!-- #tablepress-3 from cache -->\n<p><span style=\"color: #ffffff;\"><span style=\"font-family: Arial, serif;\"><b>ELEKTRONARZ\u0118DZIA<\/b><\/span><\/span><\/p>\n<p><span style=\"color: #ffffff;\"><span style=\"font-family: Arial, serif;\">U\u017cytkownik jest zobowi\u0105zany na bie\u017c\u0105co sprawdza\u0107 stan elektronarz\u0119dzia przed rozpocz\u0119ciem pracy i po jej zako\u0144czeniu lub na pocz\u0105tku ka\u017cdej zmiany roboczej. Cz\u0119stotliwo\u015b\u0107 przegl\u0105d\u00f3w kontrolnych jest uzale\u017cniona od kategorii u\u017cytkowania elektronarz\u0119dzia.<\/span><\/span><\/p>\n<h2 class=\"tablepress-table-name tablepress-table-name-id-4\">CZ\u0118STOTLIWO\u015a\u0106 PRZEGL\u0104D\u00d3W KONTROLNYCH<\/h2>\n<span class=\"tablepress-table-description tablepress-table-description-id-4\">Cz\u0119stotliwo\u015b\u0107 przegl\u0105d\u00f3w kontrolnych w zale\u017cno\u015bci od kategorii u\u017cytkowania podaje tablica:<\/span>\n\n<table id=\"tablepress-4\" class=\"tablepress tablepress-id-4\">\n<thead>\n<tr class=\"row-1 odd\">\n\t<th class=\"column-1\">Kategoria<br \/>\nu\u017cytkowania<\/th><th class=\"column-2\">Przegl\u0105dy kontrolne<\/th><th class=\"column-3\">Przegl\u0105dy kontrolne<br \/>\nwykonywa\u0107, co:<\/th>\n<\/tr>\n<\/thead>\n<tbody class=\"row-hover\">\n<tr class=\"row-2 even\">\n\t<td class=\"column-1\">0<\/td><td class=\"column-2\">dorywczo, co kilka dni<\/td><td class=\"column-3\">12 miesi\u0119cy<\/td>\n<\/tr>\n<tr class=\"row-3 odd\">\n\t<td class=\"column-1\">I<\/td><td class=\"column-2\">dorywczo, kilkakrotnie w ci\u0105gu jednej zmiany<\/td><td class=\"column-3\">6 miesi\u0119cy<\/td>\n<\/tr>\n<tr class=\"row-4 even\">\n\t<td class=\"column-1\">II<\/td><td class=\"column-2\">cz\u0119sto w ci\u0105gu jednej zmiany<\/td><td class=\"column-3\">4 miesi\u0105ce<\/td>\n<\/tr>\n<tr class=\"row-5 odd\">\n\t<td class=\"column-1\">III<br \/>\n<\/td><td class=\"column-2\">cz\u0119sto w ci\u0105gu kilkunastu kolejnych godzin lub zainstalowane na sta\u0142e, np. na linii produkcyjnej, monta\u017cowej<\/td><td class=\"column-3\">2 miesi\u0105ce<\/td>\n<\/tr>\n<\/tbody>\n<\/table>\n<!-- #tablepress-4 from cache -->\n<p><span style=\"color: #ffffff;\"><span style=\"font-family: Arial, serif;\">Kategori\u0119 u\u017cytkowania elektronarz\u0119dzia okre\u015bla u\u017cytkownik w zale\u017cno\u015bci od charakteru pracy narz\u0119dzia.<\/span><\/span><\/p>\n<p><span style=\"color: #ffffff;\"><span style=\"font-family: Arial, serif;\"><b>PLAC BUDOWY<\/b><\/span><span style=\"font-family: Arial, serif;\"><br \/>\n<\/span><span style=\"font-family: Arial, serif; color: #ff0000;\"><b>Okresowa kontrola stanu stacjonarnych urz\u0105dze\u0144 elektrycznych na terenach budowy pod wzgl\u0119dem bezpiecze\u0144stwa.<\/b><\/span><\/span><\/p>\n<p><span style=\"color: #ffffff;\"><span style=\"font-family: Arial, serif;\"><b>Rozporz\u0105dzenie Ministra Infrastruktury z dnia 6 lutego 2003r. w sprawie bezpiecze\u0144stwa i higieny pracy przy wykonywaniu rob\u00f3t budowlanych stanowi:<\/b><\/span><\/span><\/p>\n<p><span style=\"color: #ffffff;\"><span style=\"font-family: Arial, serif;\"><b>\u00a758<\/b><\/span><span style=\"font-family: Arial, serif;\">\u00a0Okresowa kontrola stanu stacjonarnych urz\u0105dze\u0144 elektrycznych na terenach budowy pod wzgl\u0119dem bezpiecze\u0144stwa odbywa si\u0119, co najmniej jeden raz w miesi\u0105cu, natomiast kontrola stanu i oporno\u015bci izolacji tych urz\u0105dze\u0144,\u00a0<\/span><span style=\"font-family: Arial, serif;\"><span style=\"text-decoration: underline;\">co najmniej dwa razy w roku<\/span><\/span><span style=\"font-family: Arial, serif;\">, w okresach najmniej korzystnych dla stanu izolacji tych urz\u0105dze\u0144 i ich oporno\u015bci a ponadto:<br \/>\n1) przed uruchomieniem urz\u0105dzenia po dokonaniu zmian, przer\u00f3bek i napraw zar\u00f3wno elektrycznych jak i mechanicznych,<br \/>\n2) przed uruchomieniem urz\u0105dzenia, kt\u00f3re nie by\u0142o czynne przez okres jednego miesi\u0105ca lub d\u0142u\u017cej,<br \/>\n3) przed uruchomieniem urz\u0105dzenia po jego przemieszczeniu.<\/span><\/span><\/p>\n<p><span style=\"color: #ffffff;\"><span style=\"font-family: Arial, serif;\"><b>\u00a759<\/b><\/span><span style=\"font-family: Arial, serif;\">\u00a0W przypadku zastosowania urz\u0105dze\u0144 ochronnych w instalacji, o kt\u00f3rej mowa w \u00a7 53 ust. 1 (instalacje rozdzia\u0142u energii elektrycznej) nale\u017cy sprawdzi\u0107 ich dzia\u0142anie ka\u017cdorazowo przed przyst\u0105pieniem do pracy.<\/span><\/span><\/p>\n","protected":false},"excerpt":{"rendered":"<p>Zalecane czasookresy pomiar\u00f3w eksploatacyjnych &nbsp; Terminy bada\u0144 okresowych Norma PN-HD 60364-6:2008 wymaga, aby cz\u0119sto\u015b\u0107 okresowego sprawdzania instalacji by\u0142a ustalana z uwzgl\u0119dnieniem rodzaju instalacji i wyposa\u017cenia, jej zastosowania i dzia\u0142ania, cz\u0119sto\u015bci i jako\u015bci konserwacji oraz wp\u0142yw\u00f3w zewn\u0119trznych, na kt\u00f3re jest nara\u017cona.\u00a0 &hellip; <a href=\"https:\/\/orient.rzeszow.pl\/?page_id=135\"><\/a><\/p>\n","protected":false},"author":3,"featured_media":0,"parent":315,"menu_order":0,"comment_status":"closed","ping_status":"closed","template":"page-oferta.php","meta":{"ngg_post_thumbnail":0},"_links":{"self":[{"href":"https:\/\/orient.rzeszow.pl\/index.php?rest_route=\/wp\/v2\/pages\/135"}],"collection":[{"href":"https:\/\/orient.rzeszow.pl\/index.php?rest_route=\/wp\/v2\/pages"}],"about":[{"href":"https:\/\/orient.rzeszow.pl\/index.php?rest_route=\/wp\/v2\/types\/page"}],"author":[{"embeddable":true,"href":"https:\/\/orient.rzeszow.pl\/index.php?rest_route=\/wp\/v2\/users\/3"}],"replies":[{"embeddable":true,"href":"https:\/\/orient.rzeszow.pl\/index.php?rest_route=%2Fwp%2Fv2%2Fcomments&post=135"}],"version-history":[{"count":0,"href":"https:\/\/orient.rzeszow.pl\/index.php?rest_route=\/wp\/v2\/pages\/135\/revisions"}],"up":[{"embeddable":true,"href":"https:\/\/orient.rzeszow.pl\/index.php?rest_route=\/wp\/v2\/pages\/315"}],"wp:attachment":[{"href":"https:\/\/orient.rzeszow.pl\/index.php?rest_route=%2Fwp%2Fv2%2Fmedia&parent=135"}],"curies":[{"name":"wp","href":"https:\/\/api.w.org\/{rel}","templated":true}]}}